{"id":767,"date":"2021-01-10T21:50:31","date_gmt":"2021-01-10T20:50:31","guid":{"rendered":"https:\/\/butch.se\/le\/?page_id=767"},"modified":"2023-02-26T21:28:36","modified_gmt":"2023-02-26T20:28:36","slug":"den-tunna-isen-the-thin-ice-2019","status":"publish","type":"page","link":"http:\/\/lenaeinhorn.se\/english\/books\/den-tunna-isen-the-thin-ice-2019\/","title":{"rendered":"Den tunna isen (The Thin Ice; 2019)"},"content":{"rendered":"<section class=\"wpb-content-wrapper\"><p>[vc_row css_animation=&#8221;&#8221; row_type=&#8221;row&#8221; use_row_as_full_screen_section=&#8221;no&#8221; type=&#8221;grid&#8221; angled_section=&#8221;no&#8221; text_align=&#8221;left&#8221; background_image_as_pattern=&#8221;without_pattern&#8221; padding_top=&#8221;20&#8243; z_index=&#8221;&#8221; padding_bottom=&#8221;20&#8243;][vc_column width=&#8221;2\/3&#8243;][vc_column_text]In her novel <em>The Thin Ice<\/em>, Lena Einhorn explores her own story and love\u2019s perilous and vitally necessary force. It is summer when a woman unexpectedly comes swimming towards her on the dock. What at first looks like an innocent meeting makes an indelible impression on her. And she and the woman, Nicki, eventually embark on a love relationship that will take her out on thinner ice than she ever dared to tread.<\/p>\n<p>But what is she afraid of, and why? In parallel with the love story, she tries to explore her own history, her own childhood. She thought she knew it. She didn\u2019t. While working on <em>Nina\u2019s Journey<\/em>, the feature film and book about her mother Nina, she finds letters left behind by her parents and scribbles in old books left in the attic. With the help of this material, she slowly begins to disentangle not only her mother\u2019s life, but also the mystery of her own life.<\/p>\n<p>In <em>The Thin Ice<\/em>, we follow the story of a love that in truth becomes one of life and death. And one about a perilous, intoxicating journey to the boundaries of the human emotional universe, and into her most hidden and sheltered space.[\/vc_column_text][vc_empty_space][vc_empty_space][\/vc_column][vc_column width=&#8221;1\/3&#8243;][vc_single_image image=&#8221;734&#8243; img_size=&#8221;full&#8221; qode_css_animation=&#8221;element_from_right&#8221;][vc_empty_space][\/vc_column][\/vc_row][vc_row css_animation=&#8221;&#8221; row_type=&#8221;row&#8221; use_row_as_full_screen_section=&#8221;no&#8221; type=&#8221;full_width&#8221; angled_section=&#8221;no&#8221; text_align=&#8221;left&#8221; background_image_as_pattern=&#8221;without_pattern&#8221;][vc_column]<div class=\"qode-accordion-holder clearfix qode-toggle qode-initial \">\n\t<h4 class=\"clearfix qode-title-holder\">\n<span class=\"qode-tab-title\">\n\t    <span class=\"qode-tab-title-inner\">\n        PRESS VOICES    <\/span>\n<\/span>\n<span class=\"qode-accordion-mark\">\n    <span class=\"qode-accordion-mark-icon\">\n        <span class=\"icon_plus\"><\/span>\n        <span class=\"icon_minus-06\"><\/span>\n    <\/span>\n<\/span>\n<\/h4>\n<div  class=\"qode-accordion-content \" >\n    <div class=\"qode-accordion-content-inner\">\n        [vc_column_text]After a hundred pages, I&#8217;m hooked. Einhorn writes psychologically without being psychologizing, accessibly without being superficial, erotically without being vulgar, stormy without being full of pathos. The remaining 400 pages could have easily been 4,000 or more&#8230;one of the most beautiful love stories I&#8217;ve read in a very long time.<\/p>\n<p>Sinziana Ravini,\u00a0<em>Aftonbladet<\/em><\/p>\n<p><em>\u00a0<\/em><\/p>\n<p>As always, Einhorn is a driven storyteller with a sense of dramaturgy that forces the reader forward&#8230; And the deeply personal book becomes universal: not least as a reminder that no relationships exist without our backgrounds. We are who we are, with all our fears and our loneliness, even if each new crush wants to make us believe otherwise.<\/p>\n<p>Annina Rabe,\u00a0<em>Expressen<\/em><\/p>\n<p>&nbsp;<\/p>\n<p>When it looks \u2013 and feels \u2013 like happiness, is it happiness? Does it matter what happens next, or how long the condition lasts? Are feelings, experiences and truths equally valid even if time changes, or cancels, them? Such questions are raised by that scene, by that intense feeling of confidence and satisfaction, and by &#8221;The Thin Ice&#8221; as a whole. They are awakened because Lena Einhorn&#8217;s book is a deep dive into the wonder and brutality of love, a close-up depiction of the art of learning to love and lose.<\/p>\n<p>Therese Eriksson,\u00a0<em>SvD<\/em><\/p>\n<p><em>\u00a0<\/em><\/p>\n<p>Distinctive for several of Lena Einhorn&#8217;s novels is precisely the focus on the psychological game between people. Also typical is how freely her style flows, here often in the captivating present tense&#8230; Magnificent reading.<\/p>\n<p>Monica Tunb\u00e4ck-Hanson,\u00a0<em>G\u00f6teborgsposten<\/em><\/p>\n<p><em>\u00a0<\/em><\/p>\n<p>With absolute clarity, Einhorn analyzes a love relationship where power is constantly shifting, while the protagonist Lena searches for herself and her role in her own family.<\/p>\n<p>Nina van den Brink,\u00a0<em>Fokus<\/em><\/p>\n<p><em>\u00a0<\/em><\/p>\n<p>Besides letting the reader follow the equally sensitive and talented Lena through her crises, creations and love relationships, Einhorn also allows the parents to emerge as very vivid figures. This is a well-written, strongly human, transformative and extremely rich story about love&#8217;s breathtaking happiness and life-threatening abyss.<\/p>\n<p>Inger Littberger Caisou-Rousseau,\u00a0<em>BTJ<\/em><\/p>\n<p><em>\u00a0<\/em><\/p>\n<p>Her way of writing and telling makes the stories stick, she writes intensely and drills in without great effort. Her books are not something that you leave when you have finished reading&#8230; Lena Einhorn is open about her life in &#8221;The Thin Ice&#8221;. It is an openness that is very valuable. She has worked hard to try to understand, to see herself and life from the outside, she has a filmmaker&#8217;s eye, but it feels like there is a lot left to process, tell and portray. Maybe she can dare a few more steps? I am convinced that the ice would hold!\u00a0\u00a0\u00a0\u00a0\u00a0\u00a0\u00a0\u00a0\u00a0\u00a0\u00a0\u00a0\u00a0\u00a0\u00a0\u00a0\u00a0\u00a0\u00a0\u00a0\u00a0\u00a0\u00a0\u00a0\u00a0\u00a0\u00a0\u00a0\u00a0\u00a0\u00a0\u00a0\u00a0\u00a0\u00a0 Yvonne Gr\u00f6ning,\u00a0<em>Dala-Demokraten<\/em><\/p>\n<p><em>\u00a0<\/em><\/p>\n<p>The writer and filmmaker Lena Einhorn turns her gaze towards herself and her own life in the autobiographical novel &#8221;The Thin Ice&#8221;. A skinless and brutally honest story about love, childhood and growing up. And about fear &#8230; It a striking novel, with its sincerity. More than anything, one is touched by the episodes from childhood and growing up, with the conversations with father Jerzy and mother Nina.<em>\u00a0\u00a0\u00a0\u00a0\u00a0\u00a0\u00a0\u00a0\u00a0\u00a0\u00a0\u00a0\u00a0\u00a0\u00a0\u00a0\u00a0\u00a0\u00a0\u00a0\u00a0\u00a0\u00a0\u00a0\u00a0\u00a0\u00a0\u00a0\u00a0\u00a0\u00a0\u00a0\u00a0\u00a0\u00a0\u00a0\u00a0 \u00a0\u00a0\u00a0\u00a0\u00a0\u00a0\u00a0\u00a0\u00a0\u00a0\u00a0\u00a0\u00a0\u00a0\u00a0\u00a0\u00a0\u00a0\u00a0\u00a0\u00a0 \u00a0\u00a0\u00a0\u00a0\u00a0\u00a0\u00a0\u00a0\u00a0\u00a0\u00a0\u00a0\u00a0\u00a0\u00a0\u00a0\u00a0\u00a0\u00a0\u00a0\u00a0 L\u00e4nstidningen S\u00f6dert\u00e4lje<\/em>, and other papers<\/p>\n<p>&nbsp;<\/p>\n<p>&#8221;The Thin Ice&#8221; is a great reading experience, personal but general at the same time. Its common thread is the &#8221;impossible love&#8221;. You read, become engaged, sometimes tired of some things, only to be engaged again the next moment. Lena Einhorn&#8217;s book is revealing, touching and so damn good.<\/p>\n<p>Ingemar Nilsson,\u00a0<em>Norrl\u00e4ndska Socialdemokraten<\/em><\/p>\n<p><em>\u00a0<\/em><\/p>\n<p>A fine, well-written novel about love, relationships and self-knowledge.<\/p>\n<p>Elisabeth Br\u00e4nnstr\u00f6m,\u00a0<em>Opulens<\/em><\/p>\n<p>&nbsp;<\/p>\n<p>As the skilled dramaturg Lena Einhorn is, she keeps the tension alive for the longest time. It is a universal and at the same time self-revealing portrayal of a doomed love relationship, where we are who we are, with our different lives, backgrounds, flaws and shortcomings. Make the best of it!<\/p>\n<p>Hel\u00e9ne Nellvik<em>, Social Politik<\/em>[\/vc_column_text]    <\/div>\n<\/div><\/div>[\/vc_column][\/vc_row]<\/p>\n<\/section>","protected":false},"excerpt":{"rendered":"<p>[vc_row css_animation=&#8221;&#8221; row_type=&#8221;row&#8221; use_row_as_full_screen_section=&#8221;no&#8221; type=&#8221;grid&#8221; angled_section=&#8221;no&#8221; text_align=&#8221;left&#8221; background_image_as_pattern=&#8221;without_pattern&#8221; padding_top=&#8221;20&#8243; z_index=&#8221;&#8221; padding_bottom=&#8221;20&#8243;][vc_column width=&#8221;2\/3&#8243;][vc_column_text]In her novel The Thin Ice, Lena Einhorn explores her own story and love\u2019s perilous and vitally necessary force. It is summer when a woman unexpectedly comes swimming towards her on the dock. What&#8230;<\/p>\n","protected":false},"author":1,"featured_media":0,"parent":635,"menu_order":0,"comment_status":"closed","ping_status":"closed","template":"","meta":{"om_disable_all_campaigns":false,"_mi_skip_tracking":false,"_monsterinsights_sitenote_active":false,"_monsterinsights_sitenote_note":"","_monsterinsights_sitenote_category":0,"footnotes":""},"class_list":["post-767","page","type-page","status-publish","hentry"],"aioseo_notices":[],"yoast_head":"<!-- This site is optimized with the Yoast SEO plugin v20.5 - https:\/\/yoast.com\/wordpress\/plugins\/seo\/ -->\n<title>Den tunna isen (The Thin Ice; 2019) - Lena Einhorn English<\/title>\n<meta name=\"robots\" content=\"index, follow, max-snippet:-1, max-image-preview:large, max-video-preview:-1\" \/>\n<link rel=\"canonical\" href=\"http:\/\/lenaeinhorn.se\/english\/books\/den-tunna-isen-the-thin-ice-2019\/\" \/>\n<meta property=\"og:locale\" content=\"sv_SE\" \/>\n<meta property=\"og:type\" content=\"article\" \/>\n<meta property=\"og:title\" content=\"Den tunna isen (The Thin Ice; 2019) - Lena Einhorn English\" \/>\n<meta property=\"og:description\" content=\"[vc_row css_animation=&#8221;&#8221; row_type=&#8221;row&#8221; use_row_as_full_screen_section=&#8221;no&#8221; type=&#8221;grid&#8221; angled_section=&#8221;no&#8221; text_align=&#8221;left&#8221; background_image_as_pattern=&#8221;without_pattern&#8221; padding_top=&#8221;20&#8243; z_index=&#8221;&#8221; padding_bottom=&#8221;20&#8243;][vc_column width=&#8221;2\/3&#8243;][vc_column_text]In her novel The Thin Ice, Lena Einhorn explores her own story and love\u2019s perilous and vitally necessary force. It is summer when a woman unexpectedly comes swimming towards her on the dock. What...\" \/>\n<meta property=\"og:url\" content=\"http:\/\/lenaeinhorn.se\/english\/books\/den-tunna-isen-the-thin-ice-2019\/\" \/>\n<meta property=\"og:site_name\" content=\"Lena Einhorn English\" \/>\n<meta property=\"article:modified_time\" content=\"2023-02-26T20:28:36+00:00\" \/>\n<meta property=\"og:image\" content=\"http:\/\/lenaeinhorn.se\/english\/wp-content\/uploads\/2021\/02\/lena-ett.jpg\" \/>\n\t<meta property=\"og:image:width\" content=\"700\" \/>\n\t<meta property=\"og:image:height\" content=\"892\" \/>\n\t<meta property=\"og:image:type\" content=\"image\/jpeg\" \/>\n<meta name=\"twitter:card\" content=\"summary_large_image\" \/>\n<meta name=\"twitter:label1\" content=\"Ber\u00e4knad l\u00e4stid\" \/>\n\t<meta name=\"twitter:data1\" content=\"5 minuter\" \/>\n<script type=\"application\/ld+json\" class=\"yoast-schema-graph\">{\"@context\":\"https:\/\/schema.org\",\"@graph\":[{\"@type\":\"WebPage\",\"@id\":\"http:\/\/lenaeinhorn.se\/english\/books\/den-tunna-isen-the-thin-ice-2019\/\",\"url\":\"http:\/\/lenaeinhorn.se\/english\/books\/den-tunna-isen-the-thin-ice-2019\/\",\"name\":\"Den tunna isen (The Thin Ice; 2019) - Lena Einhorn English\",\"isPartOf\":{\"@id\":\"https:\/\/lenaeinhorn.se\/english\/#website\"},\"datePublished\":\"2021-01-10T20:50:31+00:00\",\"dateModified\":\"2023-02-26T20:28:36+00:00\",\"breadcrumb\":{\"@id\":\"http:\/\/lenaeinhorn.se\/english\/books\/den-tunna-isen-the-thin-ice-2019\/#breadcrumb\"},\"inLanguage\":\"sv-SE\",\"potentialAction\":[{\"@type\":\"ReadAction\",\"target\":[\"http:\/\/lenaeinhorn.se\/english\/books\/den-tunna-isen-the-thin-ice-2019\/\"]}]},{\"@type\":\"BreadcrumbList\",\"@id\":\"http:\/\/lenaeinhorn.se\/english\/books\/den-tunna-isen-the-thin-ice-2019\/#breadcrumb\",\"itemListElement\":[{\"@type\":\"ListItem\",\"position\":1,\"name\":\"Hem\",\"item\":\"https:\/\/lenaeinhorn.se\/english\/\"},{\"@type\":\"ListItem\",\"position\":2,\"name\":\"Books\",\"item\":\"http:\/\/lenaeinhorn.se\/english\/books\/\"},{\"@type\":\"ListItem\",\"position\":3,\"name\":\"Den tunna isen (The Thin Ice; 2019)\"}]},{\"@type\":\"WebSite\",\"@id\":\"https:\/\/lenaeinhorn.se\/english\/#website\",\"url\":\"https:\/\/lenaeinhorn.se\/english\/\",\"name\":\"Lena Einhorn English\",\"description\":\"writer, filmmaker and doctor\",\"potentialAction\":[{\"@type\":\"SearchAction\",\"target\":{\"@type\":\"EntryPoint\",\"urlTemplate\":\"https:\/\/lenaeinhorn.se\/english\/?s={search_term_string}\"},\"query-input\":\"required name=search_term_string\"}],\"inLanguage\":\"sv-SE\"}]}<\/script>\n<!-- \/ Yoast SEO plugin. -->","yoast_head_json":{"title":"Den tunna isen (The Thin Ice; 2019) - Lena Einhorn English","robots":{"index":"index","follow":"follow","max-snippet":"max-snippet:-1","max-image-preview":"max-image-preview:large","max-video-preview":"max-video-preview:-1"},"canonical":"http:\/\/lenaeinhorn.se\/english\/books\/den-tunna-isen-the-thin-ice-2019\/","og_locale":"sv_SE","og_type":"article","og_title":"Den tunna isen (The Thin Ice; 2019) - Lena Einhorn English","og_description":"[vc_row css_animation=&#8221;&#8221; row_type=&#8221;row&#8221; use_row_as_full_screen_section=&#8221;no&#8221; type=&#8221;grid&#8221; angled_section=&#8221;no&#8221; text_align=&#8221;left&#8221; background_image_as_pattern=&#8221;without_pattern&#8221; padding_top=&#8221;20&#8243; z_index=&#8221;&#8221; padding_bottom=&#8221;20&#8243;][vc_column width=&#8221;2\/3&#8243;][vc_column_text]In her novel The Thin Ice, Lena Einhorn explores her own story and love\u2019s perilous and vitally necessary force. It is summer when a woman unexpectedly comes swimming towards her on the dock. What...","og_url":"http:\/\/lenaeinhorn.se\/english\/books\/den-tunna-isen-the-thin-ice-2019\/","og_site_name":"Lena Einhorn English","article_modified_time":"2023-02-26T20:28:36+00:00","og_image":[{"width":700,"height":892,"url":"http:\/\/lenaeinhorn.se\/english\/wp-content\/uploads\/2021\/02\/lena-ett.jpg","type":"image\/jpeg"}],"twitter_card":"summary_large_image","twitter_misc":{"Ber\u00e4knad l\u00e4stid":"5 minuter"},"schema":{"@context":"https:\/\/schema.org","@graph":[{"@type":"WebPage","@id":"http:\/\/lenaeinhorn.se\/english\/books\/den-tunna-isen-the-thin-ice-2019\/","url":"http:\/\/lenaeinhorn.se\/english\/books\/den-tunna-isen-the-thin-ice-2019\/","name":"Den tunna isen (The Thin Ice; 2019) - Lena Einhorn English","isPartOf":{"@id":"https:\/\/lenaeinhorn.se\/english\/#website"},"datePublished":"2021-01-10T20:50:31+00:00","dateModified":"2023-02-26T20:28:36+00:00","breadcrumb":{"@id":"http:\/\/lenaeinhorn.se\/english\/books\/den-tunna-isen-the-thin-ice-2019\/#breadcrumb"},"inLanguage":"sv-SE","potentialAction":[{"@type":"ReadAction","target":["http:\/\/lenaeinhorn.se\/english\/books\/den-tunna-isen-the-thin-ice-2019\/"]}]},{"@type":"BreadcrumbList","@id":"http:\/\/lenaeinhorn.se\/english\/books\/den-tunna-isen-the-thin-ice-2019\/#breadcrumb","itemListElement":[{"@type":"ListItem","position":1,"name":"Hem","item":"https:\/\/lenaeinhorn.se\/english\/"},{"@type":"ListItem","position":2,"name":"Books","item":"http:\/\/lenaeinhorn.se\/english\/books\/"},{"@type":"ListItem","position":3,"name":"Den tunna isen (The Thin Ice; 2019)"}]},{"@type":"WebSite","@id":"https:\/\/lenaeinhorn.se\/english\/#website","url":"https:\/\/lenaeinhorn.se\/english\/","name":"Lena Einhorn English","description":"writer, filmmaker and doctor","potentialAction":[{"@type":"SearchAction","target":{"@type":"EntryPoint","urlTemplate":"https:\/\/lenaeinhorn.se\/english\/?s={search_term_string}"},"query-input":"required name=search_term_string"}],"inLanguage":"sv-SE"}]}},"_links":{"self":[{"href":"http:\/\/lenaeinhorn.se\/english\/wp-json\/wp\/v2\/pages\/767","targetHints":{"allow":["GET"]}}],"collection":[{"href":"http:\/\/lenaeinhorn.se\/english\/wp-json\/wp\/v2\/pages"}],"about":[{"href":"http:\/\/lenaeinhorn.se\/english\/wp-json\/wp\/v2\/types\/page"}],"author":[{"embeddable":true,"href":"http:\/\/lenaeinhorn.se\/english\/wp-json\/wp\/v2\/users\/1"}],"replies":[{"embeddable":true,"href":"http:\/\/lenaeinhorn.se\/english\/wp-json\/wp\/v2\/comments?post=767"}],"version-history":[{"count":6,"href":"http:\/\/lenaeinhorn.se\/english\/wp-json\/wp\/v2\/pages\/767\/revisions"}],"predecessor-version":[{"id":2936,"href":"http:\/\/lenaeinhorn.se\/english\/wp-json\/wp\/v2\/pages\/767\/revisions\/2936"}],"up":[{"embeddable":true,"href":"http:\/\/lenaeinhorn.se\/english\/wp-json\/wp\/v2\/pages\/635"}],"wp:attachment":[{"href":"http:\/\/lenaeinhorn.se\/english\/wp-json\/wp\/v2\/media?parent=767"}],"curies":[{"name":"wp","href":"https:\/\/api.w.org\/{rel}","templated":true}]}}