{"id":741,"date":"2021-01-10T20:59:03","date_gmt":"2021-01-10T19:59:03","guid":{"rendered":"https:\/\/butch.se\/le\/?page_id=741"},"modified":"2024-08-28T09:33:03","modified_gmt":"2024-08-28T07:33:03","slug":"biomedical-articles","status":"publish","type":"page","link":"http:\/\/lenaeinhorn.se\/english\/research\/biomedical-articles\/","title":{"rendered":"Biomedical articles"},"content":{"rendered":"<section class=\"wpb-content-wrapper\"><p>[vc_row css_animation=&#8221;&#8221; row_type=&#8221;row&#8221; use_row_as_full_screen_section=&#8221;no&#8221; type=&#8221;grid&#8221; angled_section=&#8221;no&#8221; text_align=&#8221;left&#8221; background_image_as_pattern=&#8221;without_pattern&#8221; padding_top=&#8221;20&#8243; padding_bottom=&#8221;20&#8243; z_index=&#8221;&#8221;][vc_column width=&#8221;2\/3&#8243;][vc_column_text]1) <strong>Yefenof, E., Bakacs, T., Einhorn, L. Ernberg, I. and Klein, G.:<\/strong>\u00a0\u201cEpstein-Barr virus (EBV) receptors, complement receptors and EBV infectibility of different lymphocyte fractions of human peripheral blood. I. Complement receptor distribution and complement binding by separated lymphocyte subpopulations.\u201d <em>Cell. Immunol.<\/em> 35, 34, 1978.<br \/>\n<a href=\"http:\/\/lenaeinhorn.se\/english\/wp-content\/uploads\/2012\/08\/Epstein-Barr-Virus-EBV-I.pdf\" target=\"_blank\" rel=\"noopener\">Abstract<\/a><\/p>\n<p>2) <strong>Einhorn, L., Steinitz, M. Yefenof, E., Ernberg, I., Bakacs, T. and Klein, G.:<\/strong>\u00a0\u201cEpstein-Barr virus (EBV) receptors, complement receptors and EBV infectibility of different lymphocyte fractions of human peripheral blood. II. Epstein-Barr virus studies.\u201d <em>Cell. Immunol.<\/em> 35, 43, 1978.<br \/>\n<a href=\"http:\/\/lenaeinhorn.se\/english\/wp-content\/uploads\/2012\/08\/Epstein-Barr-Virus-EBV-II.pdf\" target=\"_blank\" rel=\"noopener\">Abstract<\/a><\/p>\n<p>3) <strong>Einhorn, L. and Ernberg, I.:<\/strong>\u00a0\u201cInduction of EBNA precedes the first cellular S-phase after EBV-infection of human lymphocytes.\u201d <em>Int. J. Cancer<\/em> 21, 157, 1978.<br \/>\n<a href=\"http:\/\/lenaeinhorn.se\/english\/wp-content\/uploads\/2012\/08\/Induction-of-EBNA.pdf\" target=\"_blank\" rel=\"noopener\">Abstract<\/a><\/p>\n<p>4) <strong>Einhorn, L. and Klein, E.:<\/strong>\u00a0\u201cEBV infection of mitogen- stimulated human B-lymphocytes.\u201d <em>Int. J. Cancer<\/em>27, 181, 1981.<br \/>\n<a href=\"http:\/\/lenaeinhorn.se\/english\/wp-content\/uploads\/2012\/08\/EBV_infection-of-Mitogen-Stimulated.pdf\" target=\"_blank\" rel=\"noopener\">Abstract<\/a><\/p>\n<p>5) <strong>Einhorn, L., H\u00e5rd af Segerstad, H. and Janowski, S.:<\/strong>\u00a0\u201cMarasm och Kwashiorkor-allvarliga sjukdomar vid undern\u00e4ring.\u201d <em>L\u00e4kartidningen<\/em> 45, 4155, 1982.<\/p>\n<p>6) <strong>Einhorn, L., Gadler, H. and Wahren, B.:<\/strong>\u00a0\u201cAdsorption of purified human cytomegalovirus and induction of early antigens an different cells.\u201d <em>J. Med. Virol<\/em>. 10, 225, 1982.<br \/>\n<a href=\"http:\/\/lenaeinhorn.se\/english\/wp-content\/uploads\/2012\/08\/Adsorption-of-Purified.pdf\" target=\"_blank\" rel=\"noopener\">Abstract<\/a><\/p>\n<p>7) <strong>Einhorn, L.:<\/strong>\u00a0\u201cAre there factors preventing cancer development during embryonic life?\u201d <em>Oncodevelopmental Biology and Medicine 4<\/em>, 219, 1983.<br \/>\n<a href=\"http:\/\/lenaeinhorn.se\/english\/wp-content\/uploads\/2012\/08\/Are-there-factors-preventing.pdf\" target=\"_blank\" rel=\"noopener\">Abstract<\/a>\u00a0 \u00a0 \u00a0 \u00a0 \u00a0 \u00a0 \u00a0<a href=\"http:\/\/lenaeinhorn.se\/english\/wp-content\/uploads\/2024\/08\/Are-there-Factors-preventing-Cancer-Development-during-Embryonic-Life-Einhorn.pdf\" target=\"_blank\" rel=\"noopener\">Full article<\/a><\/p>\n<p>8) <strong>Einhorn, L.:<\/strong>\u00a0\u201cEarly interactions of Epstein-Barr virus and cytomegalovirus with human leukocytes and other cells in vitro.\u201d PhD thesis, 1983.<br \/>\n<a href=\"http:\/\/lenaeinhorn.se\/english\/wp-content\/uploads\/2012\/08\/Epstein_Barr-Virus-and-Cytomegalovirus.pdf\" target=\"_blank\" rel=\"noopener\">Abstract<\/a><\/p>\n<p>9) <strong>Wahren, B., Einhorn, L. and Gadler, H.:<\/strong>\u00a0\u201cEarly interactions between human cytomegalovirus and cells.\u201d <em>Arch. Virol.<\/em> 79, 55, 1984.<br \/>\n<a href=\"http:\/\/lenaeinhorn.se\/english\/wp-content\/uploads\/2012\/08\/Early-interactions-between.pdf\" target=\"_blank\" rel=\"noopener\">Abstract<\/a><\/p>\n<p>10) <strong>Einhorn, L. and \u00d6st, \u00c5.:<\/strong>\u00a0\u201cCytomegalovirus infection of human blood cells.\u201d <em>J. Infect. Dis.<\/em> 149, 207, 1984.<br \/>\n<a href=\"http:\/\/lenaeinhorn.se\/english\/wp-content\/uploads\/2012\/08\/Cytomegalovirus-Infection.pdf\" target=\"_blank\" rel=\"noopener\">Abstract<\/a><\/p>\n<p>11) <strong>Einhorn, L., Einhorn S. and Wahren, B.:<\/strong>\u00a0\u201cInterferon induction in human leukocytes after in vitro exposure to cytomegalovirus or Epstein-Barr virus. Influence of interferon on the expression of viral antigens.\u201d <em>Intervirology<\/em>\u00a023, 140, 1985<br \/>\n<a href=\"http:\/\/lenaeinhorn.se\/english\/wp-content\/uploads\/2012\/08\/Interferon-induction.pdf\" target=\"_blank\" rel=\"noopener\">Abstract<\/a><\/p>\n<p>12) <strong>Einhorn, L. and Mitrani, E.:<\/strong>\u00a0\u201cRestriction of cloning potential in agarose of early chick embryonic cells as development progresses.\u201d <em>Cell Differentiation<\/em> 18, 153, 1986.<br \/>\n<a href=\"http:\/\/lenaeinhorn.se\/english\/wp-content\/uploads\/2012\/08\/Restriction-of-Cloning-Potential.pdf\" target=\"_blank\" rel=\"noopener\">Abstract<\/a><\/p>\n<p>13) <strong>Einhorn, L.:<\/strong>\u00a0\u201cCan prenatal irradiation protect the embryo from tumor development?\u201d <em>Acta Oncologica 30,<\/em> 291, 1991.<br \/>\n<a href=\"http:\/\/lenaeinhorn.se\/english\/wp-content\/uploads\/2012\/08\/Can-prenatal-irradiation.pdf\" target=\"_blank\" rel=\"noopener\">Abstract<\/a><\/p>\n<p>14) <strong>Einhorn, L. and Polgar, M.:<\/strong>\u00a0\u201cHIV Risk Behavior among Lesbians and Bisexual Women.\u201d <em>AIDS Education and Prevention<\/em> 6(6), 514-523, 1994.<br \/>\n<a href=\"http:\/\/lenaeinhorn.se\/english\/wp-content\/uploads\/2012\/08\/HIV-Risk-Behavior.pdf\" target=\"_blank\" rel=\"noopener\">Abstract<\/a><\/p>\n<p>15)<strong> Einhorn, L.:<\/strong>\u00a0\u201cThe Effects of Prenatal Irradiation on Carcinogenesis. In: <em>Low level Radiation and Living State<\/em> (Ed. N. Huilgol). New Delhi: Narosa, 1994.<\/p>\n<p>16) <strong>King C., Einhorn L., Brusselaers N., Carlsson M., Einhorn S., Elgh F. et al.:<\/strong> &#8221;COVID-19-a very visible pandemic&#8221;.\u00a0<i>Lancet<\/i>\u00a0\u00a0396(10248):e15, 2020<\/p>\n<p>&nbsp;<\/p>\n<h4>Published abstracts<\/h4>\n<p>A1) <strong>Einhorn, N., Einhorn, L., Gebbie, D.A.M. and Willey, B.:<\/strong>\u00a0\u201cPre-operative radiotherapy in the treatment of cervical carcinoma in Africa\u201d. Presented at the 11th International Cancer Congress, Florence, Oct.1974.<\/p>\n<p>A2) <strong>Einhorn, N., Einhorn, L. and Gebbie, D.A.M.:\u00a0\u201c<\/strong>Pre- operativ str\u00e5lbehandling av cervixcancer i Nairobi.\u201d\u00a0Presented at L\u00e4kars\u00e4llskapets Riksst\u00e4mma, Stockholm, Dec. 1974.<\/p>\n<p>A3) <strong>Einhorn, L. and Gadler, H.: \u201c<\/strong>Receptoraktivitet och abortiv infektion f\u00f6r cytomegalovirus.\u201d\u00a0Presented at L\u00e4kars\u00e4llskapets Riksst\u00e4mma, Stockholm, Dec. 1981.<\/p>\n<p>A4) <strong>Einhorn, L., Gadler, H. and Wahren,B.:<\/strong>\u00a0\u201cAdsorption of purified human cytomegalovirus and induction of early antigens in different cells.\u201d Presented at the sixth Cold Spring Harbor meeting on Herpes viruses, Sept.1982.<\/p>\n<p>A5) <strong>Einhorn, L. and \u00d6st, \u00c5.: \u201c<\/strong>CMV-infection of human leukocytes.\u201d Presented at the 8th Scandinavian virus symposium, Aarhus, May 1983.<\/p>\n<p>A6) <strong>Einhorn, L. and Mitrani, E.:<\/strong>\u00a0\u201cRestriction of cloning potential of early embryonic cells as development progresses.\u201d Presented at the Europ. Dev. Biol. Congress, Southampton, Sept.1984.<\/p>\n<p>A7) <strong>Einhorn, L.:<\/strong>\u00a0\u201cCan prenatal irradiation protect the embryo from tumor development?\u201d Presented at the symposium on Low Level Radiation and Living State, Bombay, April 1992.<\/p>\n<p>A8) <strong>Einhorn, L. and Polgar, M.:\u00a0\u201c<\/strong>HIV-risk behavior among lesbians and bisexual women.\u201d Presented at Eastern Sociological Society, Arlington, VA, April 1992<\/p>\n<p>A9) <strong>Einhorn, L. and Polgar, M.:<\/strong>\u00a0\u201cHIV-risk behavior among lesbians and bisexual women.\u201d Presented at American Sociological Association Conference, Pittsburgh, PA, August 1992.[\/vc_column_text][\/vc_column][vc_column width=&#8221;1\/3&#8243;][\/vc_column][\/vc_row]<\/p>\n<\/section>","protected":false},"excerpt":{"rendered":"<p>[vc_row css_animation=&#8221;&#8221; row_type=&#8221;row&#8221; use_row_as_full_screen_section=&#8221;no&#8221; type=&#8221;grid&#8221; angled_section=&#8221;no&#8221; text_align=&#8221;left&#8221; background_image_as_pattern=&#8221;without_pattern&#8221; padding_top=&#8221;20&#8243; padding_bottom=&#8221;20&#8243; z_index=&#8221;&#8221;][vc_column width=&#8221;2\/3&#8243;][vc_column_text]1) Yefenof, E., Bakacs, T., Einhorn, L. Ernberg, I. and Klein, G.:\u00a0\u201cEpstein-Barr virus (EBV) receptors, complement receptors and EBV infectibility of different lymphocyte fractions of human peripheral blood. I. Complement receptor distribution and complement&#8230;<\/p>\n","protected":false},"author":1,"featured_media":0,"parent":639,"menu_order":0,"comment_status":"closed","ping_status":"closed","template":"full_width.php","meta":{"om_disable_all_campaigns":false,"_mi_skip_tracking":false,"_monsterinsights_sitenote_active":false,"_monsterinsights_sitenote_note":"","_monsterinsights_sitenote_category":0,"footnotes":""},"class_list":["post-741","page","type-page","status-publish","hentry"],"aioseo_notices":[],"yoast_head":"<!-- This site is optimized with the Yoast SEO plugin v20.5 - https:\/\/yoast.com\/wordpress\/plugins\/seo\/ -->\n<title>Biomedical articles - Lena Einhorn English<\/title>\n<meta name=\"robots\" content=\"index, follow, max-snippet:-1, max-image-preview:large, max-video-preview:-1\" \/>\n<link rel=\"canonical\" href=\"http:\/\/lenaeinhorn.se\/english\/research\/biomedical-articles\/\" \/>\n<meta property=\"og:locale\" content=\"sv_SE\" \/>\n<meta property=\"og:type\" content=\"article\" \/>\n<meta property=\"og:title\" content=\"Biomedical articles - Lena Einhorn English\" \/>\n<meta property=\"og:description\" content=\"[vc_row css_animation=&#8221;&#8221; row_type=&#8221;row&#8221; use_row_as_full_screen_section=&#8221;no&#8221; type=&#8221;grid&#8221; angled_section=&#8221;no&#8221; text_align=&#8221;left&#8221; background_image_as_pattern=&#8221;without_pattern&#8221; padding_top=&#8221;20&#8243; padding_bottom=&#8221;20&#8243; z_index=&#8221;&#8221;][vc_column width=&#8221;2\/3&#8243;][vc_column_text]1) Yefenof, E., Bakacs, T., Einhorn, L. Ernberg, I. and Klein, G.:\u00a0\u201cEpstein-Barr virus (EBV) receptors, complement receptors and EBV infectibility of different lymphocyte fractions of human peripheral blood. I. Complement receptor distribution and complement...\" \/>\n<meta property=\"og:url\" content=\"http:\/\/lenaeinhorn.se\/english\/research\/biomedical-articles\/\" \/>\n<meta property=\"og:site_name\" content=\"Lena Einhorn English\" \/>\n<meta property=\"article:modified_time\" content=\"2024-08-28T07:33:03+00:00\" \/>\n<meta property=\"og:image\" content=\"http:\/\/lenaeinhorn.se\/english\/wp-content\/uploads\/2021\/02\/lena-ett.jpg\" \/>\n\t<meta property=\"og:image:width\" content=\"700\" \/>\n\t<meta property=\"og:image:height\" content=\"892\" \/>\n\t<meta property=\"og:image:type\" content=\"image\/jpeg\" \/>\n<meta name=\"twitter:card\" content=\"summary_large_image\" \/>\n<meta name=\"twitter:label1\" content=\"Ber\u00e4knad l\u00e4stid\" \/>\n\t<meta name=\"twitter:data1\" content=\"4 minuter\" \/>\n<script type=\"application\/ld+json\" class=\"yoast-schema-graph\">{\"@context\":\"https:\/\/schema.org\",\"@graph\":[{\"@type\":\"WebPage\",\"@id\":\"http:\/\/lenaeinhorn.se\/english\/research\/biomedical-articles\/\",\"url\":\"http:\/\/lenaeinhorn.se\/english\/research\/biomedical-articles\/\",\"name\":\"Biomedical articles - Lena Einhorn English\",\"isPartOf\":{\"@id\":\"https:\/\/lenaeinhorn.se\/english\/#website\"},\"datePublished\":\"2021-01-10T19:59:03+00:00\",\"dateModified\":\"2024-08-28T07:33:03+00:00\",\"breadcrumb\":{\"@id\":\"http:\/\/lenaeinhorn.se\/english\/research\/biomedical-articles\/#breadcrumb\"},\"inLanguage\":\"sv-SE\",\"potentialAction\":[{\"@type\":\"ReadAction\",\"target\":[\"http:\/\/lenaeinhorn.se\/english\/research\/biomedical-articles\/\"]}]},{\"@type\":\"BreadcrumbList\",\"@id\":\"http:\/\/lenaeinhorn.se\/english\/research\/biomedical-articles\/#breadcrumb\",\"itemListElement\":[{\"@type\":\"ListItem\",\"position\":1,\"name\":\"Hem\",\"item\":\"https:\/\/lenaeinhorn.se\/english\/\"},{\"@type\":\"ListItem\",\"position\":2,\"name\":\"Research\",\"item\":\"http:\/\/lenaeinhorn.se\/english\/research\/\"},{\"@type\":\"ListItem\",\"position\":3,\"name\":\"Biomedical articles\"}]},{\"@type\":\"WebSite\",\"@id\":\"https:\/\/lenaeinhorn.se\/english\/#website\",\"url\":\"https:\/\/lenaeinhorn.se\/english\/\",\"name\":\"Lena Einhorn English\",\"description\":\"writer, filmmaker and doctor\",\"potentialAction\":[{\"@type\":\"SearchAction\",\"target\":{\"@type\":\"EntryPoint\",\"urlTemplate\":\"https:\/\/lenaeinhorn.se\/english\/?s={search_term_string}\"},\"query-input\":\"required name=search_term_string\"}],\"inLanguage\":\"sv-SE\"}]}<\/script>\n<!-- \/ Yoast SEO plugin. -->","yoast_head_json":{"title":"Biomedical articles - Lena Einhorn English","robots":{"index":"index","follow":"follow","max-snippet":"max-snippet:-1","max-image-preview":"max-image-preview:large","max-video-preview":"max-video-preview:-1"},"canonical":"http:\/\/lenaeinhorn.se\/english\/research\/biomedical-articles\/","og_locale":"sv_SE","og_type":"article","og_title":"Biomedical articles - Lena Einhorn English","og_description":"[vc_row css_animation=&#8221;&#8221; row_type=&#8221;row&#8221; use_row_as_full_screen_section=&#8221;no&#8221; type=&#8221;grid&#8221; angled_section=&#8221;no&#8221; text_align=&#8221;left&#8221; background_image_as_pattern=&#8221;without_pattern&#8221; padding_top=&#8221;20&#8243; padding_bottom=&#8221;20&#8243; z_index=&#8221;&#8221;][vc_column width=&#8221;2\/3&#8243;][vc_column_text]1) Yefenof, E., Bakacs, T., Einhorn, L. Ernberg, I. and Klein, G.:\u00a0\u201cEpstein-Barr virus (EBV) receptors, complement receptors and EBV infectibility of different lymphocyte fractions of human peripheral blood. I. Complement receptor distribution and complement...","og_url":"http:\/\/lenaeinhorn.se\/english\/research\/biomedical-articles\/","og_site_name":"Lena Einhorn English","article_modified_time":"2024-08-28T07:33:03+00:00","og_image":[{"width":700,"height":892,"url":"http:\/\/lenaeinhorn.se\/english\/wp-content\/uploads\/2021\/02\/lena-ett.jpg","type":"image\/jpeg"}],"twitter_card":"summary_large_image","twitter_misc":{"Ber\u00e4knad l\u00e4stid":"4 minuter"},"schema":{"@context":"https:\/\/schema.org","@graph":[{"@type":"WebPage","@id":"http:\/\/lenaeinhorn.se\/english\/research\/biomedical-articles\/","url":"http:\/\/lenaeinhorn.se\/english\/research\/biomedical-articles\/","name":"Biomedical articles - Lena Einhorn English","isPartOf":{"@id":"https:\/\/lenaeinhorn.se\/english\/#website"},"datePublished":"2021-01-10T19:59:03+00:00","dateModified":"2024-08-28T07:33:03+00:00","breadcrumb":{"@id":"http:\/\/lenaeinhorn.se\/english\/research\/biomedical-articles\/#breadcrumb"},"inLanguage":"sv-SE","potentialAction":[{"@type":"ReadAction","target":["http:\/\/lenaeinhorn.se\/english\/research\/biomedical-articles\/"]}]},{"@type":"BreadcrumbList","@id":"http:\/\/lenaeinhorn.se\/english\/research\/biomedical-articles\/#breadcrumb","itemListElement":[{"@type":"ListItem","position":1,"name":"Hem","item":"https:\/\/lenaeinhorn.se\/english\/"},{"@type":"ListItem","position":2,"name":"Research","item":"http:\/\/lenaeinhorn.se\/english\/research\/"},{"@type":"ListItem","position":3,"name":"Biomedical articles"}]},{"@type":"WebSite","@id":"https:\/\/lenaeinhorn.se\/english\/#website","url":"https:\/\/lenaeinhorn.se\/english\/","name":"Lena Einhorn English","description":"writer, filmmaker and doctor","potentialAction":[{"@type":"SearchAction","target":{"@type":"EntryPoint","urlTemplate":"https:\/\/lenaeinhorn.se\/english\/?s={search_term_string}"},"query-input":"required name=search_term_string"}],"inLanguage":"sv-SE"}]}},"_links":{"self":[{"href":"http:\/\/lenaeinhorn.se\/english\/wp-json\/wp\/v2\/pages\/741","targetHints":{"allow":["GET"]}}],"collection":[{"href":"http:\/\/lenaeinhorn.se\/english\/wp-json\/wp\/v2\/pages"}],"about":[{"href":"http:\/\/lenaeinhorn.se\/english\/wp-json\/wp\/v2\/types\/page"}],"author":[{"embeddable":true,"href":"http:\/\/lenaeinhorn.se\/english\/wp-json\/wp\/v2\/users\/1"}],"replies":[{"embeddable":true,"href":"http:\/\/lenaeinhorn.se\/english\/wp-json\/wp\/v2\/comments?post=741"}],"version-history":[{"count":8,"href":"http:\/\/lenaeinhorn.se\/english\/wp-json\/wp\/v2\/pages\/741\/revisions"}],"predecessor-version":[{"id":2985,"href":"http:\/\/lenaeinhorn.se\/english\/wp-json\/wp\/v2\/pages\/741\/revisions\/2985"}],"up":[{"embeddable":true,"href":"http:\/\/lenaeinhorn.se\/english\/wp-json\/wp\/v2\/pages\/639"}],"wp:attachment":[{"href":"http:\/\/lenaeinhorn.se\/english\/wp-json\/wp\/v2\/media?parent=741"}],"curies":[{"name":"wp","href":"https:\/\/api.w.org\/{rel}","templated":true}]}}